99710803?
193
Calculate the highest common divisor of 7229848 and 1720.
344
Calculate the greatest common divisor of 152 and 750808.
8
What is the greatest common factor of 8358 and 51891?
21
What is the greatest common factor of 4020 and 62640?
60
What is the greatest common factor of 452586491 and 49?
49
Calculate the greatest common factor of 9574074 and 984.
246
Calculate the highest common factor of 798 and 476538.
6
What is the highest common factor of 528 and 767958576?
528
Calculate the highest common divisor of 63760 and 36560.
80
What is the greatest common divisor of 43772 and 582097?
353
What is the greatest common factor of 488490 and 108870?
570
Calculate the greatest common factor of 161618652 and 216.
108
What is the highest common factor of 5685530 and 8936?
2234
What is the greatest common factor of 52418942 and 9707?
571
What is the greatest common factor of 12925 and 55421225?
1175
Calculate the greatest common divisor of 3354 and 1754844.
78
What is the highest common factor of 85344 and 7392?
672
Calculate the greatest common divisor of 15650 and 752139.
313
What is the highest common factor of 508668004 and 1508?
1508
What is the greatest common factor of 172 and 9823092?
172
Calculate the highest common factor of 21578112 and 9216.
1152
What is the highest common divisor of 25432000 and 28050?
9350
Calculate the greatest common divisor of 26568 and 32103.
1107
Calculate the greatest common factor of 559100380 and 10.
10
Calculate the greatest common divisor of 11058773 and 22.
11
What is the greatest common divisor of 477059 and 158087?
1399
Calculate the greatest common factor of 1888746 and 162375.
1299
What is the highest common factor of 1362 and 17928006?
1362
What is the highest common divisor of 66 and 1284824772?
66
What is the greatest common factor of 93495428 and 228?
76
Calculate the highest common divisor of 27210336 and 11424.
1632
Calculate the highest common factor of 2021528 and 104.
8
What is the highest common factor of 21775 and 5226325?
325
What is the highest common factor of 282 and 13102942?
94
What is the highest common factor of 107145 and 1355?
5
Calculate the greatest common divisor of 1252094 and 1082558.
1766
What is the greatest common divisor of 222800679 and 108?
27
What is the greatest common divisor of 2652015 and 5635?
115
What is the highest common divisor of 58092 and 140595?
309
Calculate the highest common factor of 202784457 and 111.
111
Calculate the greatest common factor of 35 and 14066815.
35
Calculate the greatest common divisor of 1253 and 529124.
179
Calculate the greatest common factor of 1733056 and 689.
13
What is the greatest common factor of 1258 and 126166078?
1258
Calculate the greatest common factor of 6384 and 41213109.
399
What is the greatest common divisor of 4674 and 8333988?
246
What is the highest common divisor of 25913565 and 720?
45
What is the highest common divisor of 82367 and 55955?
31
Calculate the greatest common divisor of 177624 and 87.
3
Calculate the highest common factor of 5071 and 363470840.
461
What is the highest common divisor of 7374559 and 899?
31
Calculate the highest common factor of 47916 and 429.
33
What is the greatest common divisor of 925 and 496170?
185
Calculate the greatest common factor of 19274 and 32919154.
838
What is the greatest common factor of 112040 and 2664?
8
Calculate the highest common factor of 36908450 and 25650.
950
What is the greatest common factor of 7820 and 159800?
340
Calculate the highest common factor of 45361088 and 1180.
236
Calculate the greatest common divisor of 78469 and 100739.
131
Calculate the greatest common factor of 159570 and 387105.
2955
Calculate the greatest common divisor of 851 and 5617858.
37
What is the highest common factor of 18931092 and 60?
12
What is the highest common divisor of 15 and 39378615?
15
What is the highest common divisor of 6944 and 3418618?
434
Calculate the greatest common divisor of 20 and 60563400.
20
Calculate the greatest common divisor of 43014244 and 3276.
364
Calculate the greatest common factor of 612767 and 2929.
101
Calculate the greatest common divisor of 17700 and 470010.
30
Calculate the highest common divisor of 4051400 and 7050.
2350
What is the greatest common factor of 120691250 and 2500?
1250
What is the greatest common factor of 401793 and 258552?
399
What is the greatest common factor of 2370 and 3913818?
474
Calculate the greatest common divisor of 8917 and 362267.
37
What is the highest common factor of 1687 and 326079748?
241
What is the greatest common factor of 8 and 1778494?
2
Calculate the highest common divisor of 1318446 and 12816.
1602
Calculate the greatest common factor of 4260 and 13420065.
1065
Calculate the highest common divisor of 1917 and 280788741.
1917
Calculate the greatest common divisor of 2247 and 1596333.
321
What is the greatest common factor of 138384 and 4488?
24
Calculate the highest common factor of 419472 and 14904.
216
Calculate the greatest common factor of 21096 and 671974404.
3516
Calculate the highest common factor of 22097 and 26087.
19
What is the highest common factor of 24087775 and 12400?
775
What is the greatest common factor of 4270061 and 4819?
61
Calculate the greatest common factor of 1470 and 47114970.
1470
What is the greatest common factor of 14 and 49779261?
7
Calculate the highest common factor of 4092 and 166683.
33
What is the highest common factor of 19209160 and 261330?
2810
Calculate the greatest common factor of 16200934 and 742.
106
Calculate the greatest common divisor of 12880516 and 8052.
2684
What is the greatest common divisor of 120 and 1822389?
3
Calculate the greatest common divisor of 14912 and 386.
2
Calculate the greatest common divisor of 2889825 and 23264.
727
What is the greatest common factor of 396 and 417177?
9
Calculate the greatest common divisor of 2020270 and 8645.
665
Calculate the highest common divisor of 3300750 and 342.
18
What is the greatest common factor of 314 and 539831626?
314
Calculate the highest common divisor of 2400 and 120975.
75
Calculate the greatest common factor of 5184 and 408335904.
2592
What is the highest common divisor of 50252 and 41803?
17
What is the highest common factor of 47167 and 287547?
101
Calculate the greatest common divisor of 30887 and 591924.
461
What is the greatest common factor of 7873446 and 322?
14
What is the greatest common factor of 1269 and 87443829?
423
Calculate the highest common divisor of 852 and 58912818.
426
Calculate the greatest common divisor of 684418070 and 14.
14
What is the highest common divisor of 1692 and 498935832?
564
What is the highest common divisor of 26675712 and 666?
18
What is the highest common divisor of 81880 and 24209869?
2047
Calculate the highest common factor of 110823 and 19393.
41
Calculate the greatest common factor of 14171353 and 119.
119
Calculate the greatest common factor of 5700 and 135350.
50
Calculate the highest common divisor of 8453 and 197342.
79
Calculate the highest common divisor of 145 and 328820.
5
What is the highest common factor of 30967 and 3979?
173
What is the highest common factor of 21842 and 212226?
326
Calculate the greatest common factor of 8378552 and 7956.
884
What is the greatest common factor of 418192 and 4307?
59
Calculate the greatest common divisor of 15297 and 70937288.
5099
What is the highest common divisor of 1216 and 109582424?
152
Calculate the highest common divisor of 397818892 and 12.
4
Calculate the greatest common divisor of 72 and 1516419.
9
Calculate the highest common factor of 25378893 and 522.
9
Calculate the highest common factor of 681413640 and 920.
920
Calculate the highest common factor of 13156 and 13582.
2
Calculate the greatest common factor of 2827596 and 1308.
12
Calculate the greatest common divisor of 279 and 11145554.
31
What is the greatest common divisor of 21123 and 6768?
9
Calculate the greatest common factor of 38098104 and 120.
24
What is the greatest common factor of 3396740 and 420?
20
What is the greatest common factor of 1176 and 1459117884?
588
Calculate the highest common divisor of 73 and 50388177.
73
What is the highest common divisor of 16343 and 106200?
59
Calculate the highest common divisor of 784